mber?
False
Is 1800101 composite?
True
Is 4940449 prime?
False
Is 950333719 a composite number?
False
Is 17718599 a composite number?
False
Is 204043778 prime?
False
Is 784831 a composite number?
False
Is 26130703 composite?
False
Is 181813 prime?
True
Is 6162187 a prime number?
False
Is 1558691 prime?
True
Is 86608861 composite?
False
Is 10510501 composite?
False
Is 45756559 composite?
True
Is 5194303 composite?
False
Is 210025087 a prime number?
True
Is 2158223 a prime number?
True
Is 193393 a prime number?
True
Is 6036055 a prime number?
False
Is 297699539 a prime number?
True
Is 54582449 a prime number?
True
Is 14204642 composite?
True
Is 222934 composite?
True
Is 69270967 a composite number?
True
Is 359634189 a composite number?
True
Is 3886819 prime?
True
Is 2786143 a prime number?
False
Is 9735709 a prime number?
True
Is 83571209 a composite number?
True
Is 35879 a prime number?
True
Is 5789291 composite?
False
Is 59773963 prime?
False
Is 33062639 prime?
False
Is 152330957 prime?
False
Is 29872223 a prime number?
True
Is 3082081 a composite number?
True
Is 26822557 composite?
False
Is 7537303 composite?
True
Is 112543 composite?
False
Is 50652337 composite?
True
Is 37803221 a prime number?
False
Is 59182711 a prime number?
False
Is 14454487 a composite number?
False
Is 344557 a prime number?
False
Is 12550481 composite?
False
Is 32392513 a prime number?
False
Is 2582933 prime?
False
Is 9572287 composite?
True
Is 984509 a prime number?
False
Is 179130011 a composite number?
True
Is 16866089 a prime number?
False
Is 74539357 a prime number?
True
Is 197991341 a composite number?
False
Is 2605307 a prime number?
False
Is 40319671 a prime number?
False
Is 7869341 composite?
True
Is 3610639 prime?
False
Is 179495099 prime?
False
Is 6039089 prime?
False
Is 63191 a prime number?
False
Is 610457 composite?
False
Is 4975297 a composite number?
False
Is 470312333 a prime number?
True
Is 12320827 a prime number?
True
Is 3414337 composite?
False
Is 17039777 a composite number?
True
Is 15996147 a prime number?
False
Is 2230457 prime?
True
Is 178969327 a prime number?
False
Is 1326373 prime?
False
Is 20119903 a composite number?
False
Is 1852553 prime?
False
Is 3038639 composite?
False
Is 73313069 a composite number?
True
Is 166653527 composite?
False
Is 768415243 a composite number?
True
Is 212889913 composite?
True
Is 148019477 prime?
True
Is 1786541 a prime number?
True
Is 1340221 a composite number?
False
Is 322897043 a prime number?
False
Is 48758807 a prime number?
False
Is 729600745 prime?
False
Is 591571 prime?
False
Is 8158187 composite?
False
Is 22123463 prime?
False
Is 12626093 a composite number?
False
Is 23595709 a prime number?
True
Is 2876897 a prime number?
False
Is 576881 a prime number?
True
Is 2696539 prime?
False
Is 10379381 a prime number?
True
Is 25862617 prime?
False
Is 17083609 a prime number?
False
Is 156880441 prime?
True
Is 50693889 a composite number?
True
Is 538801699 a prime number?
False
Is 17825807 composite?
True
Is 26623 a composite number?
True
Is 1172107 a composite number?
False
Is 13005449 composite?
False
Is 143015911 prime?
True
Is 247426651 a prime number?
True
Is 286705831 a prime number?
True
Is 15214187 composite?
True
Is 2881937 prime?
True
Is 26337793 prime?
False
Is 4666859 composite?
True
Is 27322987 a prime number?
True
Is 7386513 composite?
True
Is 2311519 composite?
True
Is 12862699 a prime number?
True
Is 18055967 a prime number?
False
Is 84223439 prime?
True
Is 184109237 a composite number?
True
Is 187978901 a prime number?
False
Is 6870377 composite?
False
Is 3960893 a composite number?
False
Is 9309511 a prime number?
True
Is 3597527 composite?
False
Is 1112263 a composite number?
True
Is 6614939 prime?
True
Is 893842 composite?
True
Is 2260603 prime?
True
Is 588827 a composite number?
False
Is 86152063 composite?
False
Is 487368001 a prime number?
False
Is 476324605 a prime number?
False
Is 6855307 a prime number?
True
Is 13201798 prime?
False
Is 60132493 prime?
False
Is 4705007 a prime number?
True
Is 63062833 composite?
False
Is 26612419 prime?
False
Is 2386369 prime?
True
Is 28511339 a prime number?
False
Is 410455777 prime?
True
Is 8343259 a composite number?
True
Is 4349353 composite?
False
Is 592117 prime?
False
Is 276884263 prime?
False
Is 2080501 composite?
False
Is 5040559 a prime number?
False
Is 6055183 a composite number?
True
Is 188812201 prime?
False
Is 240579321 prime?
False
Is 59611 a prime number?
True
Is 11088509 a prime number?
True
Is 351909637 a composite number?
True
Is 92899397 prime?
True
Is 4005733 composite?
False
Is 19288793 a composite number?
False
Is 2034913 a prime number?
True
Is 21186939 prime?
False
Is 1186693 composite?
False
Is 759719 composite?
False
Is 259723657 a composite number?
False
Is 1097561 composite?
True
Is 263008117 prime?
True
Is 35805431 composite?
False
Is 6783299 a composite number?
False
Is 923961977 composite?
False
Is 51546857 composite?
True
Is 49238621 composite?
False
Is 10390469 composite?
False
Is 689403139 prime?
True
Is 24425767 a composite number?
True
Is 54539321 a prime number?
False
Is 990133 a composite number?
True
Is 14737057 a composite number?
True
Is 2156159 a composite number?
False
Is 9900841 prime?
False
Is 341039 composite?
True
Is 79555706 prime?
False
Is 58549247 a prime number?
True
Is 3003131 prime?
True
Is 3580051 composite?
True
Is 1118335 a prime number?
False
Is 26124953 prime?
False
Is 12295249 prime?
True
Is 5367091 a prime number?
True
Is 8970259 a composite number?
True
Is 677957 composite?
True
Is 41268461 a prime number?
False
Is 213572813 a prime number?
False
Is 1694591 prime?
False
Is 152986573 a prime number?
True
Is 24291026 prime?
False
Is 5933821 prime?
False
Is 4531055 prime?
False
Is 127934621 composite?
False
Is 21112711 a composite number?
False
Is 1586147 composite?
False
Is 7052461 a prime number?
False
Is 12002387 a prime number?
True
Is 6805798 a prime number?
False
Is 413663 a composite number?
True
Is 110809 a prime number?
False
Is 789411367 prime?
True
Is 2283013 a prime number?
True
Is 49514869 composite?
True
Is 59241241 a prime number?
True
Is 56647957 prime?
True
Is 34711307 composite?
False
Is 957169 composite?
False
Is 21755801 a prime number?
False
Is 458225141 prime?
False
Is 1239757 a prime number?
False
Is 191 a prime number?
True
Is 9658003 composite?
False
Is 7900313 prime?
False
Is 35840947 composite?
True
Is 900061 prime?
True
Is 305501303 prime?
False
Is 193467893 a prime number?
True
Is 14368867 a composite number?
True
Is 231072559 composite?
True
Is 2262761 prime?
True
Is 3868835 composite?
True
Is 24542933 prime?
True
Is 309197 prime?
False
Is 24958223 a prime number?
True
Is 17965979 a prime number?
False
Is 147505 a prime number?
False
Is 12730717 prime?
True
Is 75355853 a prime number?
True
Is 36505891 prime?
False
Is 2172722 composite?
True
Is 937201 composite?
True
Is 29952803 a prime number?
True
Is 2475367 composite?
False
Is 453703 a prime number?
True
Is 3085267 prime?
False
Is 30050431 a prime number?
True
Is 121255921 a prime number?
True
Is 2159821 prime?
True
Is 41914441 prime?
False
Is 32686069 prime?
False
Is 985213 a prime number?
True
Is 206669539 a composite number?
True
Is 906461021 a composite number?
False
Is 31987211 prime?
True
Is 299191003 composite?
True
Is 13765499 composite?
True
Is 3565841 prime?
True
Is 9985333 a composite number?
False
Is 1521629 prime?
True
Is 1082545 a prime number?
False
Is 62064517 prime?
False
Is 5656429 a prime number?
False
Is 10520291 a composite number?
False
Is 1184507 a composite number?
False
Is 1222471 a prime number?
True
Is 2028881 prime?
True
Is 1408819 a composite number?
True
Is 13428347 composite?
False
Is 1061417 prime?
False
Is 86030179 a composite number?
True
Is 32832941 prime?
False
Is 11589437 composite?
False
Is 418667 a composite number?
False
Is 15576839 prime?
True
Is 57752663 composite?
True
Is 266689673 prime?
False
Is 134775959 composite?
True
Is 15054209 a prime number?
True
Is 536421419 composite?
False
Is 141607957 prime?
False
Is 56298149 a composite number?
True
Is 226150537 a composite number?
False
Is 10185103 prime?
True
Is 252404521 composite?
False
Is 6509621 composite?
True
Is